the prime factors of 1022089778?
2, 23, 31, 431, 1663
What are the prime factors of 783216817?
829, 944773
List the prime factors of 2529504076.
2, 11, 53, 103, 10531
What are the prime factors of 233264218?
2, 11, 199, 53281
What are the prime factors of 215380403?
7, 109, 282281
List the prime factors of 16897397.
11, 643, 2389
List the prime factors of 164121360.
2, 3, 5, 13, 41, 1283
What are the prime factors of 1647778808?
2, 13, 239, 66293
List the prime factors of 334306037.
13, 17, 43, 127, 277
List the prime factors of 449906215.
5, 11, 941, 8693
List the prime factors of 189540437.
113, 1677349
List the prime factors of 2982270723.
3, 19, 71, 97, 107
What are the prime factors of 118579850?
2, 5, 239, 9923
List the prime factors of 111575295.
3, 5, 13, 89, 2143
List the prime factors of 28141387.
28141387
List the prime factors of 820350841.
5737, 142993
What are the prime factors of 170420069?
53, 3215473
What are the prime factors of 81075071?
7, 11, 19, 151, 367
List the prime factors of 3095946292.
2, 773986573
List the prime factors of 2454526952.
2, 3631, 84499
What are the prime factors of 37168048?
2, 2323003
What are the prime factors of 1107037040?
2, 5, 37, 373999
What are the prime factors of 150638375?
5, 773, 1559
List the prime factors of 15022878.
2, 3, 13, 192601
What are the prime factors of 249184485?
3, 5, 11, 167801
What are the prime factors of 3655705626?
2, 3, 203094757
List the prime factors of 1156374761.
151, 773, 9907
List the prime factors of 156426528.
2, 3, 37, 47, 937
List the prime factors of 1287045997.
19, 67739263
List the prime factors of 162979044.
2, 3, 277, 49031
What are the prime factors of 2269821739?
211, 10757449
List the prime factors of 2229360009.
3, 31, 23971613
List the prime factors of 10515665.
5, 31, 67843
List the prime factors of 223253231.
17, 1579, 8317
List the prime factors of 169083309.
3, 17, 733, 4523
List the prime factors of 254928634.
2, 17, 441053
List the prime factors of 3660329502.
2, 3, 173, 683, 1721
What are the prime factors of 983087050?
2, 5, 11, 17, 105143
What are the prime factors of 115444074?
2, 3, 2341, 8219
What are the prime factors of 59995291?
947, 63353
What are the prime factors of 1627879817?
1627879817
What are the prime factors of 30863910?
2, 3, 5, 7, 11, 31, 431
What are the prime factors of 262543981?
7, 37506283
What are the prime factors of 70583879?
19, 283, 13127
List the prime factors of 323280101.
2819, 114679
What are the prime factors of 36414458?
2, 823, 22123
List the prime factors of 836019005.
5, 31, 1483, 3637
What are the prime factors of 1431033097?
13, 79, 479, 2909
What are the prime factors of 251462938?
2, 181, 694649
List the prime factors of 47287590.
2, 3, 5, 7, 83, 2713
What are the prime factors of 178081693?
109, 1633777
List the prime factors of 47253969.
3, 7, 19, 13159
What are the prime factors of 1099662092?
2, 3041, 90403
List the prime factors of 138554712.
2, 3, 263, 271
List the prime factors of 210044924.
2, 19, 23, 120163
What are the prime factors of 5155886301?
3, 33083, 51949
What are the prime factors of 115694769?
3, 38564923
List the prime factors of 30393565.
5, 6078713
What are the prime factors of 4203413306?
2, 18749, 112097
List the prime factors of 290842279.
7, 13, 31, 103099
List the prime factors of 52254140.
2, 5, 2612707
What are the prime factors of 97357418?
2, 43, 1132063
What are the prime factors of 2027261670?
2, 3, 5, 7, 409, 23603
What are the prime factors of 38104391?
13, 113, 25939
List the prime factors of 181129994.
2, 90564997
What are the prime factors of 343394373?
3, 7, 17, 37, 25997
What are the prime factors of 810610431?
3, 151, 1789427
What are the prime factors of 11120875?
5, 43, 2069
List the prime factors of 5962904.
2, 127, 5869
List the prime factors of 53120737.
53120737
What are the prime factors of 10252111?
823, 12457
List the prime factors of 811437582.
2, 3, 263, 514219
List the prime factors of 222489604.
2, 31, 1794271
List the prime factors of 923241418.
2, 11, 41965519
What are the prime factors of 3398002150?
2, 5, 67, 97, 10457
List the prime factors of 913731536.
2, 29, 1969249
What are the prime factors of 41266112?
2, 644783
What are the prime factors of 14929179?
3, 17, 199, 1471
What are the prime factors of 100630015?
5, 20126003
List the prime factors of 18254638.
2, 9127319
What are the prime factors of 4304971538?
2, 7, 191, 349, 659
What are the prime factors of 1165019675?
5, 19, 2452673
List the prime factors of 917915218.
2, 11, 41723419
List the prime factors of 32017556.
2, 41, 195229
What are the prime factors of 404323119?
3, 44924791
List the prime factors of 1073472225.
3, 5, 7, 17, 120277
What are the prime factors of 2198074482?
2, 3, 4522787
List the prime factors of 21334960.
2, 5, 266687
List the prime factors of 607222965.
3, 5, 251, 161281
List the prime factors of 132035652.
2, 3, 7, 709, 739
What are the prime factors of 154638261?
3, 31, 184753
What are the prime factors of 117290243?
7, 281, 59629
List the prime factors of 50307702.
2, 3, 379, 22123
What are the prime factors of 1888832579?
19, 199, 499559
List the prime factors of 33609707.
199, 168893
What are the prime factors of 53576258?
2, 41, 101, 6469
List the prime factors of 1568833233.
3, 11, 47540401
List the prime factors of 716698647.
3, 7, 1625167
List the prime factors of 130312562.
2, 5413, 12037
List the prime factors of 14384140.
2, 5, 19, 37853
What are the prime factors of 32792328?
2, 3, 19, 23971
List the prime factors of 28275906.
2, 3, 31, 281, 541
List the prime factors of 530750661.
3, 7, 73, 346217
What are the prime factors of 106627653?
3, 11, 1077047
What are the prime factors of 234494341?
1619, 144839
What are the prime factors of 4185061431?
3, 109, 12798353
List the prime factors of 29566371.
3, 41, 271, 887
What are the prime factors of 117415190?
2, 5, 11741519
What are the prime factors of 966234364?
2, 241558591
List the prime factors of 45082102.
2, 13, 133379
What are the prime factors of 1686400048?
2, 103, 1023301
List the prime factors of 312899109.
3, 104299703
List the prime factors of 587211626.
2, 5639, 52067
What are the prime factors of 264740780?
2, 5, 13237039
List the prime factors of 87247814.
2, 97, 167, 2693
What are the prime factors of 208094133?
3, 13, 23, 113, 2053
List the prime factors of 29533144.
2, 19, 331, 587
What are the prime factors of 51984035?
5, 10396807
What are the prime factors of 56227245?
3, 5, 17, 311, 709
What are the prime factors of 1288314441?
3, 593, 241393
What are the prime factors of 56684250?
2, 3, 5, 7, 59, 61
What are the prime factors of 5162870?
2, 5, 19, 29, 937
What are the prime factors of 923416885?
5, 1847, 99991
What are the prime factors of 2511667644?
2, 3, 251, 833887
What are the prime factors of 1988337378?
2, 3, 113, 2932651
List the prime factors of 293102669.
47, 97, 239, 269
List the prime factors of 4336038.
2, 3, 7, 11471
What are the prime factors of 275507037?
3, 13, 73, 32257
What are the prime factors of 300446222?
2, 83, 1809917
What are the prime factors of 248750317?
109, 1429, 1597
List the prime factors of 1285470260.
2, 5, 64273513
List the prime factors of 235989621.
3, 7, 3745867
List the prime factors of 32244458.
2, 53, 304193
List the prime factors of 277601290.
2, 5, 27760129
List the prime factors of 4002955583.
11, 41, 2671, 3323
What are the prime factors of 6589404774?
2, 3, 366078043
What are the prime factors of 800589663?
3, 31, 318833
What are the prime factors of 14971990?
2, 5, 11, 131, 1039
List the prime factors of 150651361.
7, 19, 193, 5869
List the prime factors of 799859970.
2, 3, 5, 7, 13, 127, 769
What are the prime factors of 5469416460?
2, 3, 5, 17, 198599
List the prime factors of 49331790.
2, 3, 5, 17, 19, 1697
What are the prime factors of 1002378865?
5, 41, 271, 18043
What are the prime factors of 22045425?
3, 5, 193, 1523
List the prime factors of 168782946.
2, 3, 463, 60757
What are the prime factors of 90031048?
2, 17, 661993
List the prime factors of 174350891.
11, 13, 1219237
What are the prime factors of 86096781?
3, 9566309
What are the prime factors of 4242848060?
2, 5, 11, 1753243
List the prime factors of 29714